{"id":488,"date":"2023-11-22T09:16:51","date_gmt":"2023-11-22T12:16:51","guid":{"rendered":"https:\/\/5elementopropaganda.com.br\/?post_type=product&#038;p=488"},"modified":"2023-11-22T09:46:24","modified_gmt":"2023-11-22T12:46:24","slug":"tabloides-para-supermercados-ou-lojas-de-varejo-formato-a3","status":"publish","type":"product","link":"https:\/\/5elementopropaganda.com.br\/index.php\/produto\/tabloides-para-supermercados-ou-lojas-de-varejo-formato-a3\/","title":{"rendered":"TABL\u00d3IDES PARA SUPERMERCADOS OU LOJAS DE VAREJO &#8211; FORMATO A3"},"content":{"rendered":"<p>Cria\u00e7\u00e3o de Lay-out e edi\u00e7\u00e3o das imagens e montagem de arquivo com consequente finaliza\u00e7\u00e3o e entrega ao seu destino final.<\/p>\n<p>IMPORTANTE:<\/p>\n<p>O Valor inclui: O trabalho decria\u00e7\u00e3o, produ\u00e7\u00e3o, arte-finaliza\u00e7\u00e3o e montagem dos arquivos para a confec\u00e7\u00e3o de um Tabl\u00f3ide tamanho A3.<\/p>\n<p>&nbsp;<\/p>\n<p><strong>Obs.: Base de Informa\u00e7\u00f5es, transmitida pelo cliente.<\/strong><\/p>\n","protected":false},"excerpt":{"rendered":"<p><span style=\"vertical-align: inherit;\"><span style=\"vertical-align: inherit;\">Cria\u00e7\u00e3o de Lay-out e edi\u00e7\u00e3o das imagens e montagem de arquivo com consequente finaliza\u00e7\u00e3o e entrega ao seu destino final.<\/span><\/span><\/p>\n<p><span style=\"vertical-align: inherit;\"><span style=\"vertical-align: inherit;\">IMPORTANTE:<\/span><\/span><\/p>\n<p><span style=\"vertical-align: inherit;\"><span style=\"vertical-align: inherit;\">O Valor inclui: O trabalho decria\u00e7\u00e3o, produ\u00e7\u00e3o, arte-finaliza\u00e7\u00e3o e montagem dos arquivos para a confec\u00e7\u00e3o de um Tabl\u00f3ide tamanho A3.<\/span><\/span><\/p>\n<p>&nbsp;<\/p>\n<p><strong><span style=\"vertical-align: inherit;\"><span style=\"vertical-align: inherit;\">Obs.: Base de Informa\u00e7\u00f5es, transmitida pelo cliente.<\/span><\/span><\/strong><\/p>\n<p>&nbsp;<\/p>\n<p>&nbsp;<\/p>\n","protected":false},"featured_media":451,"comment_status":"open","ping_status":"closed","template":"","meta":{"jetpack_post_was_ever_published":false},"product_brand":[],"product_cat":[25],"product_tag":[103,102,106,105,86,71,76,107,96,100,63,104,101,115,98,118,117,51,74,94,62,89,95,97,116,108,109,99,114],"class_list":{"0":"post-488","1":"product","2":"type-product","3":"status-publish","4":"has-post-thumbnail","6":"product_cat-criacao-de-pecas-publicitarias","7":"product_tag-anuncios","8":"product_tag-bonito","9":"product_tag-catalogo-digital","10":"product_tag-catalogos","11":"product_tag-consumidor","12":"product_tag-criacao","13":"product_tag-designer","14":"product_tag-eletronico","15":"product_tag-estatistica","16":"product_tag-exposicao","17":"product_tag-feedback","18":"product_tag-folhetos","19":"product_tag-invejavel","20":"product_tag-jornal-de-oferta","21":"product_tag-logomarca","22":"product_tag-lojas","23":"product_tag-magazines","24":"product_tag-midias-sociais","25":"product_tag-ofertas","26":"product_tag-otimizacao","27":"product_tag-produtos","28":"product_tag-publico","29":"product_tag-resultados","30":"product_tag-retorno","31":"product_tag-setoresm-supermercado","32":"product_tag-simples","33":"product_tag-solucao","34":"product_tag-sua-marca","35":"product_tag-tabloides","37":"first","38":"instock","39":"featured","40":"taxable","41":"shipping-taxable","42":"purchasable","43":"product-type-simple"},"yoast_head":"<!-- This site is optimized with the Yoast SEO plugin v27.1.1 - https:\/\/yoast.com\/product\/yoast-seo-wordpress\/ -->\n<title>TABL\u00d3IDES PARA SUPERMERCADOS OU LOJAS DE VAREJO - FORMATO A3 - 5\u00ba Elemento Propaganda<\/title>\n<meta name=\"robots\" content=\"index, follow, max-snippet:-1, max-image-preview:large, max-video-preview:-1\" \/>\n<link rel=\"canonical\" href=\"https:\/\/5elementopropaganda.com.br\/index.php\/produto\/tabloides-para-supermercados-ou-lojas-de-varejo-formato-a3\/\" \/>\n<meta property=\"og:locale\" content=\"pt_BR\" \/>\n<meta property=\"og:type\" content=\"article\" \/>\n<meta property=\"og:title\" content=\"TABL\u00d3IDES PARA SUPERMERCADOS OU LOJAS DE VAREJO - FORMATO A3 - 5\u00ba Elemento Propaganda\" \/>\n<meta property=\"og:description\" content=\"Cria\u00e7\u00e3o de Lay-out e edi\u00e7\u00e3o das imagens e montagem de arquivo com consequente finaliza\u00e7\u00e3o e entrega ao seu destino final.  IMPORTANTE:  O Valor inclui: O trabalho decria\u00e7\u00e3o, produ\u00e7\u00e3o, arte-finaliza\u00e7\u00e3o e montagem dos arquivos para a confec\u00e7\u00e3o de um Tabl\u00f3ide tamanho A3.  &nbsp;  Obs.: Base de Informa\u00e7\u00f5es, transmitida pelo cliente.  &nbsp;  &nbsp;\" \/>\n<meta property=\"og:url\" content=\"https:\/\/5elementopropaganda.com.br\/index.php\/produto\/tabloides-para-supermercados-ou-lojas-de-varejo-formato-a3\/\" \/>\n<meta property=\"og:site_name\" content=\"5\u00ba Elemento Propaganda\" \/>\n<meta property=\"article:modified_time\" content=\"2023-11-22T12:46:24+00:00\" \/>\n<meta property=\"og:image\" content=\"https:\/\/5elementopropaganda.com.br\/wp-content\/uploads\/2023\/11\/TABLOIDES-PARA-SUPERMERCADOS-scaled.jpg\" \/>\n\t<meta property=\"og:image:width\" content=\"2560\" \/>\n\t<meta property=\"og:image:height\" content=\"2560\" \/>\n\t<meta property=\"og:image:type\" content=\"image\/jpeg\" \/>\n<meta name=\"twitter:card\" content=\"summary_large_image\" \/>\n<meta name=\"twitter:label1\" content=\"Est. tempo de leitura\" \/>\n\t<meta name=\"twitter:data1\" content=\"1 minuto\" \/>\n<script type=\"application\/ld+json\" class=\"yoast-schema-graph\">{\"@context\":\"https:\/\/schema.org\",\"@graph\":[{\"@type\":\"WebPage\",\"@id\":\"https:\/\/5elementopropaganda.com.br\/index.php\/produto\/tabloides-para-supermercados-ou-lojas-de-varejo-formato-a3\/\",\"url\":\"https:\/\/5elementopropaganda.com.br\/index.php\/produto\/tabloides-para-supermercados-ou-lojas-de-varejo-formato-a3\/\",\"name\":\"TABL\u00d3IDES PARA SUPERMERCADOS OU LOJAS DE VAREJO - FORMATO A3 - 5\u00ba Elemento Propaganda\",\"isPartOf\":{\"@id\":\"https:\/\/5elementopropaganda.com.br\/#website\"},\"primaryImageOfPage\":{\"@id\":\"https:\/\/5elementopropaganda.com.br\/index.php\/produto\/tabloides-para-supermercados-ou-lojas-de-varejo-formato-a3\/#primaryimage\"},\"image\":{\"@id\":\"https:\/\/5elementopropaganda.com.br\/index.php\/produto\/tabloides-para-supermercados-ou-lojas-de-varejo-formato-a3\/#primaryimage\"},\"thumbnailUrl\":\"https:\/\/i0.wp.com\/5elementopropaganda.com.br\/wp-content\/uploads\/2023\/11\/TABLOIDES-PARA-SUPERMERCADOS-scaled.jpg?fit=2560%2C2560&ssl=1\",\"datePublished\":\"2023-11-22T12:16:51+00:00\",\"dateModified\":\"2023-11-22T12:46:24+00:00\",\"breadcrumb\":{\"@id\":\"https:\/\/5elementopropaganda.com.br\/index.php\/produto\/tabloides-para-supermercados-ou-lojas-de-varejo-formato-a3\/#breadcrumb\"},\"inLanguage\":\"pt-BR\",\"potentialAction\":[{\"@type\":\"ReadAction\",\"target\":[\"https:\/\/5elementopropaganda.com.br\/index.php\/produto\/tabloides-para-supermercados-ou-lojas-de-varejo-formato-a3\/\"]}]},{\"@type\":\"ImageObject\",\"inLanguage\":\"pt-BR\",\"@id\":\"https:\/\/5elementopropaganda.com.br\/index.php\/produto\/tabloides-para-supermercados-ou-lojas-de-varejo-formato-a3\/#primaryimage\",\"url\":\"https:\/\/i0.wp.com\/5elementopropaganda.com.br\/wp-content\/uploads\/2023\/11\/TABLOIDES-PARA-SUPERMERCADOS-scaled.jpg?fit=2560%2C2560&ssl=1\",\"contentUrl\":\"https:\/\/i0.wp.com\/5elementopropaganda.com.br\/wp-content\/uploads\/2023\/11\/TABLOIDES-PARA-SUPERMERCADOS-scaled.jpg?fit=2560%2C2560&ssl=1\",\"width\":2560,\"height\":2560},{\"@type\":\"BreadcrumbList\",\"@id\":\"https:\/\/5elementopropaganda.com.br\/index.php\/produto\/tabloides-para-supermercados-ou-lojas-de-varejo-formato-a3\/#breadcrumb\",\"itemListElement\":[{\"@type\":\"ListItem\",\"position\":1,\"name\":\"In\u00edcio\",\"item\":\"https:\/\/5elementopropaganda.com.br\/\"},{\"@type\":\"ListItem\",\"position\":2,\"name\":\"TABL\u00d3IDES PARA SUPERMERCADOS OU LOJAS DE VAREJO &#8211; FORMATO A3\"}]},{\"@type\":\"WebSite\",\"@id\":\"https:\/\/5elementopropaganda.com.br\/#website\",\"url\":\"https:\/\/5elementopropaganda.com.br\/\",\"name\":\"5\u00ba Elemento Propaganda\",\"description\":\"Publicidade, Campanhas Publicit\u00e1rias, Pe\u00e7as Publicit\u00e1rias\",\"publisher\":{\"@id\":\"https:\/\/5elementopropaganda.com.br\/#organization\"},\"potentialAction\":[{\"@type\":\"SearchAction\",\"target\":{\"@type\":\"EntryPoint\",\"urlTemplate\":\"https:\/\/5elementopropaganda.com.br\/?s={search_term_string}\"},\"query-input\":{\"@type\":\"PropertyValueSpecification\",\"valueRequired\":true,\"valueName\":\"search_term_string\"}}],\"inLanguage\":\"pt-BR\"},{\"@type\":\"Organization\",\"@id\":\"https:\/\/5elementopropaganda.com.br\/#organization\",\"name\":\"5\u00ba Elemento Propaganda\",\"url\":\"https:\/\/5elementopropaganda.com.br\/\",\"logo\":{\"@type\":\"ImageObject\",\"inLanguage\":\"pt-BR\",\"@id\":\"https:\/\/5elementopropaganda.com.br\/#\/schema\/logo\/image\/\",\"url\":\"https:\/\/i0.wp.com\/5elementopropaganda.com.br\/wp-content\/uploads\/2023\/11\/cropped-cropped-FAVICON.jpg?fit=512%2C512&ssl=1\",\"contentUrl\":\"https:\/\/i0.wp.com\/5elementopropaganda.com.br\/wp-content\/uploads\/2023\/11\/cropped-cropped-FAVICON.jpg?fit=512%2C512&ssl=1\",\"width\":512,\"height\":512,\"caption\":\"5\u00ba Elemento Propaganda\"},\"image\":{\"@id\":\"https:\/\/5elementopropaganda.com.br\/#\/schema\/logo\/image\/\"}}]}<\/script>\n<!-- \/ Yoast SEO plugin. -->","yoast_head_json":{"title":"TABL\u00d3IDES PARA SUPERMERCADOS OU LOJAS DE VAREJO - FORMATO A3 - 5\u00ba Elemento Propaganda","robots":{"index":"index","follow":"follow","max-snippet":"max-snippet:-1","max-image-preview":"max-image-preview:large","max-video-preview":"max-video-preview:-1"},"canonical":"https:\/\/5elementopropaganda.com.br\/index.php\/produto\/tabloides-para-supermercados-ou-lojas-de-varejo-formato-a3\/","og_locale":"pt_BR","og_type":"article","og_title":"TABL\u00d3IDES PARA SUPERMERCADOS OU LOJAS DE VAREJO - FORMATO A3 - 5\u00ba Elemento Propaganda","og_description":"Cria\u00e7\u00e3o de Lay-out e edi\u00e7\u00e3o das imagens e montagem de arquivo com consequente finaliza\u00e7\u00e3o e entrega ao seu destino final.  IMPORTANTE:  O Valor inclui: O trabalho decria\u00e7\u00e3o, produ\u00e7\u00e3o, arte-finaliza\u00e7\u00e3o e montagem dos arquivos para a confec\u00e7\u00e3o de um Tabl\u00f3ide tamanho A3.  &nbsp;  Obs.: Base de Informa\u00e7\u00f5es, transmitida pelo cliente.  &nbsp;  &nbsp;","og_url":"https:\/\/5elementopropaganda.com.br\/index.php\/produto\/tabloides-para-supermercados-ou-lojas-de-varejo-formato-a3\/","og_site_name":"5\u00ba Elemento Propaganda","article_modified_time":"2023-11-22T12:46:24+00:00","og_image":[{"width":2560,"height":2560,"url":"https:\/\/5elementopropaganda.com.br\/wp-content\/uploads\/2023\/11\/TABLOIDES-PARA-SUPERMERCADOS-scaled.jpg","type":"image\/jpeg"}],"twitter_card":"summary_large_image","twitter_misc":{"Est. tempo de leitura":"1 minuto"},"schema":{"@context":"https:\/\/schema.org","@graph":[{"@type":"WebPage","@id":"https:\/\/5elementopropaganda.com.br\/index.php\/produto\/tabloides-para-supermercados-ou-lojas-de-varejo-formato-a3\/","url":"https:\/\/5elementopropaganda.com.br\/index.php\/produto\/tabloides-para-supermercados-ou-lojas-de-varejo-formato-a3\/","name":"TABL\u00d3IDES PARA SUPERMERCADOS OU LOJAS DE VAREJO - FORMATO A3 - 5\u00ba Elemento Propaganda","isPartOf":{"@id":"https:\/\/5elementopropaganda.com.br\/#website"},"primaryImageOfPage":{"@id":"https:\/\/5elementopropaganda.com.br\/index.php\/produto\/tabloides-para-supermercados-ou-lojas-de-varejo-formato-a3\/#primaryimage"},"image":{"@id":"https:\/\/5elementopropaganda.com.br\/index.php\/produto\/tabloides-para-supermercados-ou-lojas-de-varejo-formato-a3\/#primaryimage"},"thumbnailUrl":"https:\/\/i0.wp.com\/5elementopropaganda.com.br\/wp-content\/uploads\/2023\/11\/TABLOIDES-PARA-SUPERMERCADOS-scaled.jpg?fit=2560%2C2560&ssl=1","datePublished":"2023-11-22T12:16:51+00:00","dateModified":"2023-11-22T12:46:24+00:00","breadcrumb":{"@id":"https:\/\/5elementopropaganda.com.br\/index.php\/produto\/tabloides-para-supermercados-ou-lojas-de-varejo-formato-a3\/#breadcrumb"},"inLanguage":"pt-BR","potentialAction":[{"@type":"ReadAction","target":["https:\/\/5elementopropaganda.com.br\/index.php\/produto\/tabloides-para-supermercados-ou-lojas-de-varejo-formato-a3\/"]}]},{"@type":"ImageObject","inLanguage":"pt-BR","@id":"https:\/\/5elementopropaganda.com.br\/index.php\/produto\/tabloides-para-supermercados-ou-lojas-de-varejo-formato-a3\/#primaryimage","url":"https:\/\/i0.wp.com\/5elementopropaganda.com.br\/wp-content\/uploads\/2023\/11\/TABLOIDES-PARA-SUPERMERCADOS-scaled.jpg?fit=2560%2C2560&ssl=1","contentUrl":"https:\/\/i0.wp.com\/5elementopropaganda.com.br\/wp-content\/uploads\/2023\/11\/TABLOIDES-PARA-SUPERMERCADOS-scaled.jpg?fit=2560%2C2560&ssl=1","width":2560,"height":2560},{"@type":"BreadcrumbList","@id":"https:\/\/5elementopropaganda.com.br\/index.php\/produto\/tabloides-para-supermercados-ou-lojas-de-varejo-formato-a3\/#breadcrumb","itemListElement":[{"@type":"ListItem","position":1,"name":"In\u00edcio","item":"https:\/\/5elementopropaganda.com.br\/"},{"@type":"ListItem","position":2,"name":"TABL\u00d3IDES PARA SUPERMERCADOS OU LOJAS DE VAREJO &#8211; FORMATO A3"}]},{"@type":"WebSite","@id":"https:\/\/5elementopropaganda.com.br\/#website","url":"https:\/\/5elementopropaganda.com.br\/","name":"5\u00ba Elemento Propaganda","description":"Publicidade, Campanhas Publicit\u00e1rias, Pe\u00e7as Publicit\u00e1rias","publisher":{"@id":"https:\/\/5elementopropaganda.com.br\/#organization"},"potentialAction":[{"@type":"SearchAction","target":{"@type":"EntryPoint","urlTemplate":"https:\/\/5elementopropaganda.com.br\/?s={search_term_string}"},"query-input":{"@type":"PropertyValueSpecification","valueRequired":true,"valueName":"search_term_string"}}],"inLanguage":"pt-BR"},{"@type":"Organization","@id":"https:\/\/5elementopropaganda.com.br\/#organization","name":"5\u00ba Elemento Propaganda","url":"https:\/\/5elementopropaganda.com.br\/","logo":{"@type":"ImageObject","inLanguage":"pt-BR","@id":"https:\/\/5elementopropaganda.com.br\/#\/schema\/logo\/image\/","url":"https:\/\/i0.wp.com\/5elementopropaganda.com.br\/wp-content\/uploads\/2023\/11\/cropped-cropped-FAVICON.jpg?fit=512%2C512&ssl=1","contentUrl":"https:\/\/i0.wp.com\/5elementopropaganda.com.br\/wp-content\/uploads\/2023\/11\/cropped-cropped-FAVICON.jpg?fit=512%2C512&ssl=1","width":512,"height":512,"caption":"5\u00ba Elemento Propaganda"},"image":{"@id":"https:\/\/5elementopropaganda.com.br\/#\/schema\/logo\/image\/"}}]}},"jetpack-related-posts":[],"jetpack_sharing_enabled":true,"_links":{"self":[{"href":"https:\/\/5elementopropaganda.com.br\/index.php\/wp-json\/wp\/v2\/product\/488","targetHints":{"allow":["GET"]}}],"collection":[{"href":"https:\/\/5elementopropaganda.com.br\/index.php\/wp-json\/wp\/v2\/product"}],"about":[{"href":"https:\/\/5elementopropaganda.com.br\/index.php\/wp-json\/wp\/v2\/types\/product"}],"replies":[{"embeddable":true,"href":"https:\/\/5elementopropaganda.com.br\/index.php\/wp-json\/wp\/v2\/comments?post=488"}],"wp:featuredmedia":[{"embeddable":true,"href":"https:\/\/5elementopropaganda.com.br\/index.php\/wp-json\/wp\/v2\/media\/451"}],"wp:attachment":[{"href":"https:\/\/5elementopropaganda.com.br\/index.php\/wp-json\/wp\/v2\/media?parent=488"}],"wp:term":[{"taxonomy":"product_brand","embeddable":true,"href":"https:\/\/5elementopropaganda.com.br\/index.php\/wp-json\/wp\/v2\/product_brand?post=488"},{"taxonomy":"product_cat","embeddable":true,"href":"https:\/\/5elementopropaganda.com.br\/index.php\/wp-json\/wp\/v2\/product_cat?post=488"},{"taxonomy":"product_tag","embeddable":true,"href":"https:\/\/5elementopropaganda.com.br\/index.php\/wp-json\/wp\/v2\/product_tag?post=488"}],"curies":[{"name":"wp","href":"https:\/\/api.w.org\/{rel}","templated":true}]}}