{"id":427,"date":"2023-11-16T18:05:49","date_gmt":"2023-11-16T21:05:49","guid":{"rendered":"https:\/\/5elementopropaganda.com.br\/?page_id=427"},"modified":"2023-11-17T15:14:59","modified_gmt":"2023-11-17T18:14:59","slug":"a-5o-elemento","status":"publish","type":"page","link":"https:\/\/5elementopropaganda.com.br\/index.php\/a-5o-elemento\/","title":{"rendered":"A 5\u00ba Elemento"},"content":{"rendered":"\n<figure class=\"wp-block-image size-large is-resized\"><img data-recalc-dims=\"1\" fetchpriority=\"high\" decoding=\"async\" width=\"1024\" height=\"294\" src=\"https:\/\/i0.wp.com\/5elementopropaganda.com.br\/wp-content\/uploads\/2023\/06\/featured-title-bg.webp?resize=1024%2C294&#038;ssl=1\" alt=\"\" class=\"wp-image-160\" style=\"width:1188px;height:auto\" srcset=\"https:\/\/i0.wp.com\/5elementopropaganda.com.br\/wp-content\/uploads\/2023\/06\/featured-title-bg.webp?resize=1024%2C294&amp;ssl=1 1024w, https:\/\/i0.wp.com\/5elementopropaganda.com.br\/wp-content\/uploads\/2023\/06\/featured-title-bg.webp?resize=600%2C172&amp;ssl=1 600w, https:\/\/i0.wp.com\/5elementopropaganda.com.br\/wp-content\/uploads\/2023\/06\/featured-title-bg.webp?resize=300%2C86&amp;ssl=1 300w, https:\/\/i0.wp.com\/5elementopropaganda.com.br\/wp-content\/uploads\/2023\/06\/featured-title-bg.webp?resize=768%2C220&amp;ssl=1 768w, https:\/\/i0.wp.com\/5elementopropaganda.com.br\/wp-content\/uploads\/2023\/06\/featured-title-bg.webp?resize=1536%2C440&amp;ssl=1 1536w, https:\/\/i0.wp.com\/5elementopropaganda.com.br\/wp-content\/uploads\/2023\/06\/featured-title-bg.webp?w=1894&amp;ssl=1 1894w\" sizes=\"(max-width: 1000px) 100vw, 1000px\" \/><\/figure>\n\n\n\n<blockquote class=\"wp-block-quote is-layout-flow wp-block-quote-is-layout-flow\">\n<p><strong>A 5\u00ba Elemento Propaganda \u00e9 uma Ag\u00eancia de Publicidade, com mais de 25 anos de atua\u00e7\u00e3o no mercado publicit\u00e1rio. Neste per\u00edodo formamos parcerias variadas com clientes de diversos segmentos, como: Hot\u00e9is, Material para Constru\u00e7\u00e3o, Fornecedora de G\u00e1s Industrial, Farm\u00e1cia, Loja de Produtos Agr\u00edcolas, Supermercados, Lojas e Fabricantes de Materiais El\u00e9tricos\u2026.Ganhamos Pr\u00eamios com trabalhos desenvolvidos e formamos muitos profissionais para o setor de comunica\u00e7\u00e3o. Mas nosso maior orgulho \u00e9 ter realizado uma presta\u00e7\u00e3o de servi\u00e7os eficiente e que colaborou para o desenvolvimento de tantas a tantas empresas nestas quase tr\u00eas d\u00e9cadas de atua\u00e7\u00e3o cont\u00ednua no mercado de S\u00e3o Paulo e Mato Grosso do Sul.<\/strong><br><strong>Por isso mesmo, se estiver planejando uma a\u00e7\u00e3o comercial na \u00e1rea de comunica\u00e7\u00e3o e estiver buscando um parceiro dedicado, agil e muito focado em resultados em sua comunica\u00e7\u00e3o, ficaremos satisfeitos em lhe atender.<\/strong><\/p>\n<\/blockquote>\n\n\n\n<figure class=\"wp-block-video\"><video height=\"352\" style=\"aspect-ratio: 640 \/ 352;\" width=\"640\" controls src=\"https:\/\/5elementopropaganda.com.br\/wp-content\/uploads\/2023\/11\/5o-ELEMENTO-Midias-Sociais.mp4\"><\/video><\/figure>\n\n\n\n<figure class=\"wp-block-video\"><video height=\"720\" style=\"aspect-ratio: 1280 \/ 720;\" width=\"1280\" controls src=\"https:\/\/5elementopropaganda.com.br\/wp-content\/uploads\/2023\/11\/5o-ELEMENTO-Propaganda-em-TV-Radio-e-Outros-Veiculos.mp4\"><\/video><\/figure>\n\n\n\n<figure class=\"wp-block-video\"><video height=\"352\" style=\"aspect-ratio: 640 \/ 352;\" width=\"640\" controls src=\"https:\/\/5elementopropaganda.com.br\/wp-content\/uploads\/2023\/11\/5o-ELEMENTO-Marcas-e-Patentes-e-Sites-para-Internet.mp4\"><\/video><\/figure>\n","protected":false},"excerpt":{"rendered":"<p>A 5\u00ba Elemento Propaganda \u00e9 uma Ag\u00eancia de Publicidade, com mais de 25 anos de atua\u00e7\u00e3o no mercado publicit\u00e1rio. Neste&hellip;<\/p>\n","protected":false},"author":1,"featured_media":0,"parent":0,"menu_order":0,"comment_status":"closed","ping_status":"closed","template":"","meta":{"jetpack_post_was_ever_published":false,"footnotes":""},"class_list":["post-427","page","type-page","status-publish","hentry"],"yoast_head":"<!-- This site is optimized with the Yoast SEO plugin v27.1.1 - https:\/\/yoast.com\/product\/yoast-seo-wordpress\/ -->\n<title>A 5\u00ba Elemento - 5\u00ba Elemento Propaganda<\/title>\n<meta name=\"robots\" content=\"index, follow, max-snippet:-1, max-image-preview:large, max-video-preview:-1\" \/>\n<link rel=\"canonical\" href=\"https:\/\/5elementopropaganda.com.br\/index.php\/a-5o-elemento\/\" \/>\n<meta property=\"og:locale\" content=\"pt_BR\" \/>\n<meta property=\"og:type\" content=\"article\" \/>\n<meta property=\"og:title\" content=\"A 5\u00ba Elemento - 5\u00ba Elemento Propaganda\" \/>\n<meta property=\"og:description\" content=\"A 5\u00ba Elemento Propaganda \u00e9 uma Ag\u00eancia de Publicidade, com mais de 25 anos de atua\u00e7\u00e3o no mercado publicit\u00e1rio. Neste&hellip;\" \/>\n<meta property=\"og:url\" content=\"https:\/\/5elementopropaganda.com.br\/index.php\/a-5o-elemento\/\" \/>\n<meta property=\"og:site_name\" content=\"5\u00ba Elemento Propaganda\" \/>\n<meta property=\"article:modified_time\" content=\"2023-11-17T18:14:59+00:00\" \/>\n<meta property=\"og:image\" content=\"https:\/\/5elementopropaganda.com.br\/wp-content\/uploads\/2023\/06\/featured-title-bg-1024x294.webp\" \/>\n<meta name=\"twitter:card\" content=\"summary_large_image\" \/>\n<meta name=\"twitter:label1\" content=\"Est. tempo de leitura\" \/>\n\t<meta name=\"twitter:data1\" content=\"1 minuto\" \/>\n<script type=\"application\/ld+json\" class=\"yoast-schema-graph\">{\"@context\":\"https:\/\/schema.org\",\"@graph\":[{\"@type\":\"WebPage\",\"@id\":\"https:\/\/5elementopropaganda.com.br\/index.php\/a-5o-elemento\/\",\"url\":\"https:\/\/5elementopropaganda.com.br\/index.php\/a-5o-elemento\/\",\"name\":\"A 5\u00ba Elemento - 5\u00ba Elemento Propaganda\",\"isPartOf\":{\"@id\":\"https:\/\/5elementopropaganda.com.br\/#website\"},\"primaryImageOfPage\":{\"@id\":\"https:\/\/5elementopropaganda.com.br\/index.php\/a-5o-elemento\/#primaryimage\"},\"image\":{\"@id\":\"https:\/\/5elementopropaganda.com.br\/index.php\/a-5o-elemento\/#primaryimage\"},\"thumbnailUrl\":\"https:\/\/5elementopropaganda.com.br\/wp-content\/uploads\/2023\/06\/featured-title-bg-1024x294.webp\",\"datePublished\":\"2023-11-16T21:05:49+00:00\",\"dateModified\":\"2023-11-17T18:14:59+00:00\",\"breadcrumb\":{\"@id\":\"https:\/\/5elementopropaganda.com.br\/index.php\/a-5o-elemento\/#breadcrumb\"},\"inLanguage\":\"pt-BR\",\"potentialAction\":[{\"@type\":\"ReadAction\",\"target\":[\"https:\/\/5elementopropaganda.com.br\/index.php\/a-5o-elemento\/\"]}]},{\"@type\":\"ImageObject\",\"inLanguage\":\"pt-BR\",\"@id\":\"https:\/\/5elementopropaganda.com.br\/index.php\/a-5o-elemento\/#primaryimage\",\"url\":\"https:\/\/i0.wp.com\/5elementopropaganda.com.br\/wp-content\/uploads\/2023\/06\/featured-title-bg.webp?fit=1894%2C543&ssl=1\",\"contentUrl\":\"https:\/\/i0.wp.com\/5elementopropaganda.com.br\/wp-content\/uploads\/2023\/06\/featured-title-bg.webp?fit=1894%2C543&ssl=1\",\"width\":1894,\"height\":543},{\"@type\":\"BreadcrumbList\",\"@id\":\"https:\/\/5elementopropaganda.com.br\/index.php\/a-5o-elemento\/#breadcrumb\",\"itemListElement\":[{\"@type\":\"ListItem\",\"position\":1,\"name\":\"In\u00edcio\",\"item\":\"https:\/\/5elementopropaganda.com.br\/\"},{\"@type\":\"ListItem\",\"position\":2,\"name\":\"A 5\u00ba Elemento\"}]},{\"@type\":\"WebSite\",\"@id\":\"https:\/\/5elementopropaganda.com.br\/#website\",\"url\":\"https:\/\/5elementopropaganda.com.br\/\",\"name\":\"5\u00ba Elemento Propaganda\",\"description\":\"Publicidade, Campanhas Publicit\u00e1rias, Pe\u00e7as Publicit\u00e1rias\",\"publisher\":{\"@id\":\"https:\/\/5elementopropaganda.com.br\/#organization\"},\"potentialAction\":[{\"@type\":\"SearchAction\",\"target\":{\"@type\":\"EntryPoint\",\"urlTemplate\":\"https:\/\/5elementopropaganda.com.br\/?s={search_term_string}\"},\"query-input\":{\"@type\":\"PropertyValueSpecification\",\"valueRequired\":true,\"valueName\":\"search_term_string\"}}],\"inLanguage\":\"pt-BR\"},{\"@type\":\"Organization\",\"@id\":\"https:\/\/5elementopropaganda.com.br\/#organization\",\"name\":\"5\u00ba Elemento Propaganda\",\"url\":\"https:\/\/5elementopropaganda.com.br\/\",\"logo\":{\"@type\":\"ImageObject\",\"inLanguage\":\"pt-BR\",\"@id\":\"https:\/\/5elementopropaganda.com.br\/#\/schema\/logo\/image\/\",\"url\":\"https:\/\/i0.wp.com\/5elementopropaganda.com.br\/wp-content\/uploads\/2023\/11\/cropped-cropped-FAVICON.jpg?fit=512%2C512&ssl=1\",\"contentUrl\":\"https:\/\/i0.wp.com\/5elementopropaganda.com.br\/wp-content\/uploads\/2023\/11\/cropped-cropped-FAVICON.jpg?fit=512%2C512&ssl=1\",\"width\":512,\"height\":512,\"caption\":\"5\u00ba Elemento Propaganda\"},\"image\":{\"@id\":\"https:\/\/5elementopropaganda.com.br\/#\/schema\/logo\/image\/\"}}]}<\/script>\n<!-- \/ Yoast SEO plugin. -->","yoast_head_json":{"title":"A 5\u00ba Elemento - 5\u00ba Elemento Propaganda","robots":{"index":"index","follow":"follow","max-snippet":"max-snippet:-1","max-image-preview":"max-image-preview:large","max-video-preview":"max-video-preview:-1"},"canonical":"https:\/\/5elementopropaganda.com.br\/index.php\/a-5o-elemento\/","og_locale":"pt_BR","og_type":"article","og_title":"A 5\u00ba Elemento - 5\u00ba Elemento Propaganda","og_description":"A 5\u00ba Elemento Propaganda \u00e9 uma Ag\u00eancia de Publicidade, com mais de 25 anos de atua\u00e7\u00e3o no mercado publicit\u00e1rio. Neste&hellip;","og_url":"https:\/\/5elementopropaganda.com.br\/index.php\/a-5o-elemento\/","og_site_name":"5\u00ba Elemento Propaganda","article_modified_time":"2023-11-17T18:14:59+00:00","og_image":[{"url":"https:\/\/5elementopropaganda.com.br\/wp-content\/uploads\/2023\/06\/featured-title-bg-1024x294.webp","type":"","width":"","height":""}],"twitter_card":"summary_large_image","twitter_misc":{"Est. tempo de leitura":"1 minuto"},"schema":{"@context":"https:\/\/schema.org","@graph":[{"@type":"WebPage","@id":"https:\/\/5elementopropaganda.com.br\/index.php\/a-5o-elemento\/","url":"https:\/\/5elementopropaganda.com.br\/index.php\/a-5o-elemento\/","name":"A 5\u00ba Elemento - 5\u00ba Elemento Propaganda","isPartOf":{"@id":"https:\/\/5elementopropaganda.com.br\/#website"},"primaryImageOfPage":{"@id":"https:\/\/5elementopropaganda.com.br\/index.php\/a-5o-elemento\/#primaryimage"},"image":{"@id":"https:\/\/5elementopropaganda.com.br\/index.php\/a-5o-elemento\/#primaryimage"},"thumbnailUrl":"https:\/\/5elementopropaganda.com.br\/wp-content\/uploads\/2023\/06\/featured-title-bg-1024x294.webp","datePublished":"2023-11-16T21:05:49+00:00","dateModified":"2023-11-17T18:14:59+00:00","breadcrumb":{"@id":"https:\/\/5elementopropaganda.com.br\/index.php\/a-5o-elemento\/#breadcrumb"},"inLanguage":"pt-BR","potentialAction":[{"@type":"ReadAction","target":["https:\/\/5elementopropaganda.com.br\/index.php\/a-5o-elemento\/"]}]},{"@type":"ImageObject","inLanguage":"pt-BR","@id":"https:\/\/5elementopropaganda.com.br\/index.php\/a-5o-elemento\/#primaryimage","url":"https:\/\/i0.wp.com\/5elementopropaganda.com.br\/wp-content\/uploads\/2023\/06\/featured-title-bg.webp?fit=1894%2C543&ssl=1","contentUrl":"https:\/\/i0.wp.com\/5elementopropaganda.com.br\/wp-content\/uploads\/2023\/06\/featured-title-bg.webp?fit=1894%2C543&ssl=1","width":1894,"height":543},{"@type":"BreadcrumbList","@id":"https:\/\/5elementopropaganda.com.br\/index.php\/a-5o-elemento\/#breadcrumb","itemListElement":[{"@type":"ListItem","position":1,"name":"In\u00edcio","item":"https:\/\/5elementopropaganda.com.br\/"},{"@type":"ListItem","position":2,"name":"A 5\u00ba Elemento"}]},{"@type":"WebSite","@id":"https:\/\/5elementopropaganda.com.br\/#website","url":"https:\/\/5elementopropaganda.com.br\/","name":"5\u00ba Elemento Propaganda","description":"Publicidade, Campanhas Publicit\u00e1rias, Pe\u00e7as Publicit\u00e1rias","publisher":{"@id":"https:\/\/5elementopropaganda.com.br\/#organization"},"potentialAction":[{"@type":"SearchAction","target":{"@type":"EntryPoint","urlTemplate":"https:\/\/5elementopropaganda.com.br\/?s={search_term_string}"},"query-input":{"@type":"PropertyValueSpecification","valueRequired":true,"valueName":"search_term_string"}}],"inLanguage":"pt-BR"},{"@type":"Organization","@id":"https:\/\/5elementopropaganda.com.br\/#organization","name":"5\u00ba Elemento Propaganda","url":"https:\/\/5elementopropaganda.com.br\/","logo":{"@type":"ImageObject","inLanguage":"pt-BR","@id":"https:\/\/5elementopropaganda.com.br\/#\/schema\/logo\/image\/","url":"https:\/\/i0.wp.com\/5elementopropaganda.com.br\/wp-content\/uploads\/2023\/11\/cropped-cropped-FAVICON.jpg?fit=512%2C512&ssl=1","contentUrl":"https:\/\/i0.wp.com\/5elementopropaganda.com.br\/wp-content\/uploads\/2023\/11\/cropped-cropped-FAVICON.jpg?fit=512%2C512&ssl=1","width":512,"height":512,"caption":"5\u00ba Elemento Propaganda"},"image":{"@id":"https:\/\/5elementopropaganda.com.br\/#\/schema\/logo\/image\/"}}]}},"jetpack-related-posts":[],"jetpack_sharing_enabled":true,"_links":{"self":[{"href":"https:\/\/5elementopropaganda.com.br\/index.php\/wp-json\/wp\/v2\/pages\/427","targetHints":{"allow":["GET"]}}],"collection":[{"href":"https:\/\/5elementopropaganda.com.br\/index.php\/wp-json\/wp\/v2\/pages"}],"about":[{"href":"https:\/\/5elementopropaganda.com.br\/index.php\/wp-json\/wp\/v2\/types\/page"}],"author":[{"embeddable":true,"href":"https:\/\/5elementopropaganda.com.br\/index.php\/wp-json\/wp\/v2\/users\/1"}],"replies":[{"embeddable":true,"href":"https:\/\/5elementopropaganda.com.br\/index.php\/wp-json\/wp\/v2\/comments?post=427"}],"version-history":[{"count":3,"href":"https:\/\/5elementopropaganda.com.br\/index.php\/wp-json\/wp\/v2\/pages\/427\/revisions"}],"predecessor-version":[{"id":457,"href":"https:\/\/5elementopropaganda.com.br\/index.php\/wp-json\/wp\/v2\/pages\/427\/revisions\/457"}],"wp:attachment":[{"href":"https:\/\/5elementopropaganda.com.br\/index.php\/wp-json\/wp\/v2\/media?parent=427"}],"curies":[{"name":"wp","href":"https:\/\/api.w.org\/{rel}","templated":true}]}}